2442.
2, 11, 14680111
What are the prime factors of 39099574?
2, 19549787
What are the prime factors of 39905278?
2, 7, 2850377
What are the prime factors of 302036472?
2, 3, 31, 43, 1049
List the prime factors of 7749817734.
2, 3, 83, 131, 211, 563
List the prime factors of 525712602.
2, 3, 191, 631, 727
What are the prime factors of 32408703?
3, 3600967
What are the prime factors of 2971749179?
7, 424535597
List the prime factors of 524972432.
2, 19, 1726883
What are the prime factors of 895656830?
2, 5, 409, 218987
What are the prime factors of 144588782?
2, 13, 97, 57331
What are the prime factors of 600463829?
7, 23, 3729589
What are the prime factors of 1690688514?
2, 3, 19, 14830601
What are the prime factors of 155494602?
2, 3, 1069, 8081
List the prime factors of 157207895.
5, 13, 359, 6737
List the prime factors of 5756250.
2, 3, 5, 307
List the prime factors of 106197846.
2, 3, 17699641
What are the prime factors of 1570531774?
2, 7, 17, 388169
What are the prime factors of 266440296?
2, 3, 11101679
List the prime factors of 1699777266.
2, 3, 11, 17, 137723
What are the prime factors of 454735157?
1399, 325043
List the prime factors of 459776776.
2, 73, 787289
What are the prime factors of 687241909?
23, 83, 157, 2293
List the prime factors of 53350208.
2, 833597
What are the prime factors of 262101388?
2, 937, 69931
What are the prime factors of 5150621109?
3, 521, 3295343
What are the prime factors of 7494287?
7494287
List the prime factors of 83158287.
3, 27719429
List the prime factors of 460981655.
5, 41, 2248691
What are the prime factors of 174801022?
2, 11, 127, 62563
List the prime factors of 108047174.
2, 101, 277, 1931
What are the prime factors of 1925085422?
2, 13, 787, 7237
List the prime factors of 177531658.
2, 88765829
List the prime factors of 37824607.
107, 353501
What are the prime factors of 37138993?
139, 267187
List the prime factors of 34767377.
61, 569957
List the prime factors of 4383849809.
281, 15600889
What are the prime factors of 64687423?
59, 18583
What are the prime factors of 50382614?
2, 25191307
List the prime factors of 196761605.
5, 39352321
What are the prime factors of 5248684671?
3, 61, 691, 41507
List the prime factors of 58715770.
2, 5, 5871577
List the prime factors of 63103492.
2, 89, 177257
What are the prime factors of 190613664?
2, 3, 101, 6553
List the prime factors of 65067465.
3, 5, 137, 31663
List the prime factors of 41355199.
41355199
List the prime factors of 2554872706.
2, 23, 7127, 7793
What are the prime factors of 11445169?
29, 31, 439
List the prime factors of 39107512.
2, 599, 8161
What are the prime factors of 211945830?
2, 3, 5, 7064861
List the prime factors of 1029635529.
3, 13, 467, 56533
List the prime factors of 1054418758.
2, 181, 2912759
List the prime factors of 4687436264.
2, 7, 83704219
List the prime factors of 730582776.
2, 3, 7, 11, 131779
List the prime factors of 9702529.
17, 570737
What are the prime factors of 1731373866?
2, 3, 10687493
What are the prime factors of 88199372?
2, 3557, 6199
What are the prime factors of 29639045?
5, 5927809
List the prime factors of 86166563.
7, 12309509
What are the prime factors of 166605981?
3, 1439, 38593
What are the prime factors of 503848543?
11, 2393, 19141
What are the prime factors of 32433641?
127, 255383
List the prime factors of 31883586.
2, 3, 7, 29, 26177
List the prime factors of 80298447.
3, 109, 245561
List the prime factors of 2423765562.
2, 3, 743, 543689
List the prime factors of 18462407.
2549, 7243
What are the prime factors of 198365718?
2, 3, 33060953
List the prime factors of 64318206.
2, 3, 10719701
What are the prime factors of 89231844?
2, 3, 13, 17, 33647
What are the prime factors of 97519483?
167, 293, 1993
What are the prime factors of 174603183?
3, 1451, 40111
What are the prime factors of 3626776880?
2, 5, 139, 326149
List the prime factors of 224080729.
89, 2517761
What are the prime factors of 3356443947?
3, 47, 23804567
List the prime factors of 8703493.
8703493
List the prime factors of 122758007.
122758007
List the prime factors of 200795881.
11, 13, 71, 19777
What are the prime factors of 104709525?
3, 5, 1396127
What are the prime factors of 68765950?
2, 5, 11, 125029
What are the prime factors of 3027190818?
2, 3, 2833, 178091
What are the prime factors of 2922091569?
3, 67, 107, 45289
What are the prime factors of 8150443?
7, 199, 5851
What are the prime factors of 1074218328?
2, 3, 4973233
List the prime factors of 229239158.
2, 114619579
What are the prime factors of 17114975?
5, 684599
What are the prime factors of 4197997789?
23, 449, 406507
What are the prime factors of 176434613?
211, 836183
List the prime factors of 42881183.
42881183
What are the prime factors of 143387716?
2, 29, 859, 1439
What are the prime factors of 461676571?
461676571
List the prime factors of 318411015.
3, 5, 13, 53, 30809
What are the prime factors of 45582799?
61, 747259
List the prime factors of 307165948.
2, 4909, 15643
What are the prime factors of 3556981706?
2, 17, 5881, 17789
What are the prime factors of 45361538?
2, 139, 163171
What are the prime factors of 7149862512?
2, 3, 13, 3819371
List the prime factors of 1134058708.
2, 283514677
What are the prime factors of 30520626?
2, 3, 43, 118297
List the prime factors of 14435648.
2, 59, 3823
List the prime factors of 465465763.
7, 17, 991, 3947
What are the prime factors of 7461248066?
2, 191, 569, 34327
What are the prime factors of 73038448?
2, 7, 421, 1549
What are the prime factors of 75929745?
3, 5, 41, 331, 373
What are the prime factors of 73915060?
2, 5, 3695753
List the prime factors of 159541353.
3, 1607, 3677
List the prime factors of 248685262.
2, 7, 19, 934907
What are the prime factors of 250314875?
5, 59, 33941
What are the prime factors of 14304193?
271, 52783
List the prime factors of 4731217295.
5, 7, 1193, 16187
What are the prime factors of 163604788?
2, 103, 397099
List the prime factors of 108968490.
2, 3, 5, 44843
List the prime factors of 213264671.
23, 2749, 3373
List the prime factors of 946714199.
3343, 283193
List the prime factors of 354194031.
3, 17, 103, 67427
List the prime factors of 9012299.
9012299
List the prime factors of 545011839.
3, 60556871
List the prime factors of 94338126.
2, 3, 71, 97, 761
List the prime factors of 593383125.
3, 5, 316471
List the prime factors of 2636369914.
2, 1318184957
What are the prime factors of 180650943?
3, 11, 165887
What are the prime factors of 224413900?
2, 5, 2244139
What are the prime factors of 4166604276?
2, 3, 257, 1351039
List the prime factors of 594036112.
2, 1049, 35393
What are the prime factors of 1130781630?
2, 3, 5, 11, 29, 173, 683
List the prime factors of 2015677895.
5, 7, 11, 475957
List the prime factors of 88606906.
2, 5477, 8089
What are the prime factors of 83802726?
2, 3, 7, 79, 8419
List the prime factors of 627838558.
2, 313919279
What are the prime factors of 887159841?
3, 17, 23, 37, 20441
What are the prime factors of 7828799880?
2, 3, 5, 11, 17, 409, 853
List the prime factors of 2498223401.
25013, 99877
What are the prime factors of 1648880480?
2, 5, 13, 792731
List the prime factors of 1449826241.
37, 199, 196907
List the prime factors of 75219707.
29, 41, 1543
What are the prime factors of 69037854?
2, 3, 359, 32051
What are the prime factors of 62970356?
2, 107, 167, 881
List the prime factors of 11254837.
11, 1023167
List the prime factors of 678347942.
2, 339173971
What are the prime factors of 904071494?
2, 137, 241, 13691
What are the prime factors of 772450619?
41, 937, 20107
List the prime factors of 68759050.
2, 5, 17, 41, 1973
List the prime factors of 113417391.
3, 37805797
What are the prime factors of 176920559?
83, 2131573
List the prime factors of 486665097.
3, 162221699
List the prime factors of 865792093.
61, 1213, 11701
List the prime factors of 4054290484.
2, 31, 32695891
List the prime factors of 808282554.
2, 3, 7219, 18661
What are the prime factors of 789320698?
2, 31, 12730979
What are the prime factors of 51411525?
3, 5, 11, 101, 617
What are the prime factors of 801124685?
5, 157, 1020541
What are the prime factors of 1728987798?
2, 3, 193, 359, 4159
List the prime factors of 2060277830.
2, 5, 13, 659, 240